.
2, 3, 7127, 28807
List the prime factors of 289892311.
59, 1949, 2521
What are the prime factors of 7865851313?
3217, 2445089
What are the prime factors of 2362759268?
2, 193, 3060569
What are the prime factors of 176102145?
3, 5, 23, 229, 743
What are the prime factors of 1226552974?
2, 71, 8637697
What are the prime factors of 44694548?
2, 11173637
What are the prime factors of 61395809?
23, 193, 13831
List the prime factors of 6709820024.
2, 311, 2696873
What are the prime factors of 726900138?
2, 3, 19, 29, 73291
What are the prime factors of 128975495?
5, 11, 2345009
List the prime factors of 4881095184.
2, 3, 7, 107, 137, 991
List the prime factors of 938061902.
2, 469030951
List the prime factors of 129733404.
2, 3, 10811117
What are the prime factors of 1710433684?
2, 89, 4804589
What are the prime factors of 468474428?
2, 227, 515941
What are the prime factors of 3172884876?
2, 3, 7, 41, 307093
What are the prime factors of 820018419?
3, 11, 24849043
What are the prime factors of 81010499?
81010499
What are the prime factors of 1411608587?
1411608587
List the prime factors of 5081677.
5081677
List the prime factors of 26787026.
2, 7, 157, 1741
What are the prime factors of 42313097?
4253, 9949
What are the prime factors of 798091988?
2, 181, 1102337
What are the prime factors of 5277547323?
3, 433, 1049, 1291
What are the prime factors of 29504970?
2, 3, 5, 11, 29803
List the prime factors of 1588093205.
5, 317618641
List the prime factors of 74359869.
3, 1667, 14869
List the prime factors of 27098213.
43, 61, 10331
List the prime factors of 718674339.
3, 59, 449, 9043
List the prime factors of 729892002.
2, 3, 7, 1531, 11351
What are the prime factors of 84385085?
5, 16877017
What are the prime factors of 324200843?
103, 3147581
List the prime factors of 1117399198.
2, 558699599
What are the prime factors of 309091087?
41, 61, 83, 1489
List the prime factors of 118521141.
3, 39507047
List the prime factors of 4415470820.
2, 5, 220773541
List the prime factors of 10788047.
17, 149, 4259
List the prime factors of 652947321.
3, 13, 691, 24229
List the prime factors of 127255789.
239, 532451
What are the prime factors of 304634538?
2, 3, 13, 1301857
List the prime factors of 1070030251.
313, 3418627
List the prime factors of 36562040.
2, 5, 29, 43, 733
List the prime factors of 48540899.
11, 17, 259577
List the prime factors of 15377735.
5, 3075547
What are the prime factors of 3432021363?
3, 381335707
What are the prime factors of 1029092198?
2, 514546099
What are the prime factors of 185176684?
2, 7, 11, 85889
List the prime factors of 2809690.
2, 5, 13, 21613
List the prime factors of 158478687.
3, 1956527
List the prime factors of 50975378.
2, 1327, 19207
List the prime factors of 83093636.
2, 1543, 13463
List the prime factors of 4701640.
2, 5, 117541
List the prime factors of 715229876.
2, 1543, 115883
List the prime factors of 142304143.
142304143
What are the prime factors of 785053?
785053
What are the prime factors of 105929243?
7, 15132749
List the prime factors of 325062511.
325062511
What are the prime factors of 112355356?
2, 28088839
List the prime factors of 6799522.
2, 41, 101, 821
What are the prime factors of 176325433?
11621, 15173
What are the prime factors of 384600416?
2, 1279, 9397
List the prime factors of 148589823.
3, 19, 29, 89891
List the prime factors of 47194293.
3, 15731431
What are the prime factors of 2941478470?
2, 5, 7, 42021121
List the prime factors of 248325267.
3, 211, 392299
List the prime factors of 84827395.
5, 509, 33331
What are the prime factors of 1693087487?
7, 13, 1579, 11783
What are the prime factors of 143160156?
2, 3, 1325557
What are the prime factors of 2417282106?
2, 3, 19, 23, 251, 3673
List the prime factors of 2735625954.
2, 3, 3257, 139987
List the prime factors of 129297390.
2, 3, 5, 71, 60703
What are the prime factors of 544990155?
3, 5, 36332677
What are the prime factors of 134583774?
2, 3, 13, 277, 6229
What are the prime factors of 512930185?
5, 31, 3309227
List the prime factors of 55309093.
7, 113, 1427
List the prime factors of 564348278.
2, 13, 21705703
What are the prime factors of 83680716?
2, 3, 7, 23, 43313
What are the prime factors of 348601087?
23, 37, 53, 59, 131
What are the prime factors of 44783521?
41, 26641
What are the prime factors of 11693153?
2633, 4441
List the prime factors of 85947250.
2, 5, 127, 2707
List the prime factors of 672647182.
2, 173, 1944067
What are the prime factors of 1707683630?
2, 5, 8461, 20183
List the prime factors of 2655701662.
2, 1327850831
What are the prime factors of 268224212?
2, 67056053
What are the prime factors of 26684557?
271, 98467
What are the prime factors of 76593501?
3, 173, 49193
List the prime factors of 674376396.
2, 3, 43, 281, 4651
List the prime factors of 335467926.
2, 3, 23, 31, 8713
List the prime factors of 20424973.
17, 1201469
What are the prime factors of 3146331624?
2, 3, 163, 173, 4649
List the prime factors of 2150453729.
2843, 756403
List the prime factors of 1326725008.
2, 7, 19, 23, 27107
List the prime factors of 1077791.
11, 13, 7537
What are the prime factors of 171070777?
5813, 29429
List the prime factors of 4014271.
4014271
List the prime factors of 11050593.
3, 47, 181, 433
What are the prime factors of 162984331?
162984331
List the prime factors of 227188208.
2, 13, 1092251
What are the prime factors of 13442413?
271, 49603
List the prime factors of 337741098.
2, 3, 191, 1543
What are the prime factors of 2995522?
2, 79, 18959
List the prime factors of 119315686.
2, 7, 29, 41983
What are the prime factors of 4489178313?
3, 1496392771
List the prime factors of 587506037.
587506037
What are the prime factors of 1070851381?
19, 73, 151, 5113
What are the prime factors of 43342899?
3, 14447633
What are the prime factors of 866192342?
2, 433096171
What are the prime factors of 1253045323?
67, 18702169
What are the prime factors of 43627404?
2, 3, 3635617
List the prime factors of 17612294.
2, 7, 337, 3733
List the prime factors of 392701628.
2, 11, 43, 18869
What are the prime factors of 250558174?
2, 101, 1240387
List the prime factors of 819895521.
3, 14699, 18593
List the prime factors of 2276583385.
5, 455316677
What are the prime factors of 57308642?
2, 673, 42577
List the prime factors of 3659634716.
2, 914908679
List the prime factors of 739780468.
2, 7, 59, 431, 1039
List the prime factors of 53751952.
2, 3359497
List the prime factors of 259737320.
2, 5, 6493433
List the prime factors of 188643382.
2, 94321691
What are the prime factors of 45175289?
23, 1964143
List the prime factors of 62645677.
193, 324589
What are the prime factors of 305761365?
3, 5, 7, 13, 24889
What are the prime factors of 453329645?
5, 19, 4771891
List the prime factors of 898894198.
2, 389, 503, 2297
What are the prime factors of 107177014?
2, 7, 47, 23269
List the prime factors of 679224458.
2, 11, 97, 318287
List the prime factors of 43902980.
2, 5, 11, 199559
List the prime factors of 72990418.
2, 17, 37, 3413
What are the prime factors of 806528180?
2, 5, 1657, 24337
List the prime factors of 141941608.
2, 17742701
List the prime factors of 198596201.
198596201
What are the prime factors of 2350001680?
2, 5, 13, 1289, 1753
List the prime factors of 79479907.
13, 19, 151, 2131
What are the prime factors of 886892281?
11, 691, 116681
What are the prime factors of 42220373?
13, 1061, 3061
What are the prime factors of 203284053?
3, 7, 1075577
List the prime factors of 630908096.
2, 7, 13, 641
What are the prime factors of 546187044?
2, 3, 13, 29, 37, 251
What are the prime factors of 287637867?
3, 11, 2905433
List the prime factors of 59460696.
2, 3, 17, 16193
List the prime factors of 79341644.
2, 19, 1043969
List the prime factors of 104471998.
2, 52235999
List the prime factors of 482955971.
61, 7917311
What are the prime factors of 486213096?
2, 3, 41, 53, 9323
What are the prime factors of 219596816?
2, 29, 433, 1093
List the prime factors of 621697860.
2, 3, 5, 7, 19, 25969
List the prime factors of 2555563457.
2555563457
What are the prime factors of 6093527614?
2, 3559, 856073
What are the prime factors of 99846352?
2, 587, 10631
List the prime factors of 84951945.
3, 5, 13, 19, 7643
What 